{"id":373,"date":"2017-05-16T16:20:04","date_gmt":"2017-05-16T19:20:04","guid":{"rendered":"http:\/\/www.coninsanmiguel.com.ar\/web\/?page_id=373"},"modified":"2017-05-16T16:23:36","modified_gmt":"2017-05-16T19:23:36","slug":"donante","status":"publish","type":"page","link":"https:\/\/www.coninsanmiguel.com.ar\/web\/?page_id=373","title":{"rendered":"Donante"},"content":{"rendered":"<p>Pod\u00e9s anotarte como socio de <strong>CONIN<\/strong> a trav\u00e9s de un aporte econ\u00f3mico, mensual o por \u00fanica vez, que se destina al fortalecimiento de los programas que se desarrollan en el Centro CONIN San Miguel.<\/p>\n<p>&nbsp;<\/p>\n<blockquote><p>Fundaci\u00f3n <strong>CONIN<\/strong> cuenta con certificado de exenci\u00f3n que la habilita a recibir donaciones deducibles del impuesto a las ganancias.<\/p><\/blockquote>\n","protected":false},"excerpt":{"rendered":"<p>Pod\u00e9s anotarte como socio de CONIN a trav\u00e9s de un aporte econ\u00f3mico, mensual o por \u00fanica vez, que se destina al fortalecimiento de los programas que se desarrollan en el [&hellip;]<\/p>\n","protected":false},"author":1,"featured_media":0,"parent":0,"menu_order":13,"comment_status":"closed","ping_status":"closed","template":"","meta":{"_acf_changed":false,"footnotes":""},"class_list":["post-373","page","type-page","status-publish","hentry"],"acf":[],"_links":{"self":[{"href":"https:\/\/www.coninsanmiguel.com.ar\/web\/index.php?rest_route=\/wp\/v2\/pages\/373","targetHints":{"allow":["GET"]}}],"collection":[{"href":"https:\/\/www.coninsanmiguel.com.ar\/web\/index.php?rest_route=\/wp\/v2\/pages"}],"about":[{"href":"https:\/\/www.coninsanmiguel.com.ar\/web\/index.php?rest_route=\/wp\/v2\/types\/page"}],"author":[{"embeddable":true,"href":"https:\/\/www.coninsanmiguel.com.ar\/web\/index.php?rest_route=\/wp\/v2\/users\/1"}],"replies":[{"embeddable":true,"href":"https:\/\/www.coninsanmiguel.com.ar\/web\/index.php?rest_route=%2Fwp%2Fv2%2Fcomments&post=373"}],"version-history":[{"count":3,"href":"https:\/\/www.coninsanmiguel.com.ar\/web\/index.php?rest_route=\/wp\/v2\/pages\/373\/revisions"}],"predecessor-version":[{"id":376,"href":"https:\/\/www.coninsanmiguel.com.ar\/web\/index.php?rest_route=\/wp\/v2\/pages\/373\/revisions\/376"}],"wp:attachment":[{"href":"https:\/\/www.coninsanmiguel.com.ar\/web\/index.php?rest_route=%2Fwp%2Fv2%2Fmedia&parent=373"}],"curies":[{"name":"wp","href":"https:\/\/api.w.org\/{rel}","templated":true}]}}